{"id":18285,"date":"2024-07-02T17:01:06","date_gmt":"2024-07-02T15:01:06","guid":{"rendered":"http:\/\/sarahyoga.dk\/?page_id=18285"},"modified":"2025-10-20T14:34:46","modified_gmt":"2025-10-20T12:34:46","slug":"one-on-one","status":"publish","type":"page","link":"https:\/\/sarahyoga.dk\/?page_id=18285","title":{"rendered":"One on One"},"content":{"rendered":"\t\t<div data-elementor-type=\"wp-page\" data-elementor-id=\"18285\" class=\"elementor elementor-18285\">\n\t\t\t\t<div class=\"elementor-element elementor-element-47facbd e-flex e-con-boxed e-con e-parent\" data-id=\"47facbd\" data-element_type=\"container\">\n\t\t\t\t\t<div class=\"e-con-inner\">\n\t\t<div class=\"elementor-element elementor-element-7d140c1 e-con-full e-flex e-con e-child\" data-id=\"7d140c1\" data-element_type=\"container\">\n\t\t\t\t<div class=\"elementor-element elementor-element-023dab7 elementor-widget elementor-widget-heading\" data-id=\"023dab7\" data-element_type=\"widget\" data-widget_type=\"heading.default\">\n\t\t\t\t<div class=\"elementor-widget-container\">\n\t\t\t<style>\/*! elementor - v3.22.0 - 26-06-2024 *\/\n.elementor-heading-title{padding:0;margin:0;line-height:1}.elementor-widget-heading .elementor-heading-title[class*=elementor-size-]>a{color:inherit;font-size:inherit;line-height:inherit}.elementor-widget-heading .elementor-heading-title.elementor-size-small{font-size:15px}.elementor-widget-heading .elementor-heading-title.elementor-size-medium{font-size:19px}.elementor-widget-heading .elementor-heading-title.elementor-size-large{font-size:29px}.elementor-widget-heading .elementor-heading-title.elementor-size-xl{font-size:39px}.elementor-widget-heading .elementor-heading-title.elementor-size-xxl{font-size:59px}<\/style><h2 class=\"elementor-heading-title elementor-size-default\">One on One<\/h2>\t\t<\/div>\n\t\t\t\t<\/div>\n\t\t\t\t<div class=\"elementor-element elementor-element-a8672d2 elementor-widget elementor-widget-text-editor\" data-id=\"a8672d2\" data-element_type=\"widget\" data-widget_type=\"text-editor.default\">\n\t\t\t\t<div class=\"elementor-widget-container\">\n\t\t\t<style>\/*! elementor - v3.22.0 - 26-06-2024 *\/\n.elementor-widget-text-editor.elementor-drop-cap-view-stacked .elementor-drop-cap{background-color:#69727d;color:#fff}.elementor-widget-text-editor.elementor-drop-cap-view-framed .elementor-drop-cap{color:#69727d;border:3px solid;background-color:transparent}.elementor-widget-text-editor:not(.elementor-drop-cap-view-default) .elementor-drop-cap{margin-top:8px}.elementor-widget-text-editor:not(.elementor-drop-cap-view-default) .elementor-drop-cap-letter{width:1em;height:1em}.elementor-widget-text-editor .elementor-drop-cap{float:left;text-align:center;line-height:1;font-size:50px}.elementor-widget-text-editor .elementor-drop-cap-letter{display:inline-block}<\/style>\t\t\t\t<p>Ofte begr\u00e6nser vi os selv p.g.a. vores kroppe, vores bev\u00e6gelsesapparat eller selve ideen vi har om yoga. Giv dig muligheden for en <strong>privat konsultation<\/strong> for at finde frem til <strong>DIN yoga<\/strong>. Sammen taler vi om hvad du vil opn\u00e5, og herefter fastl\u00e6gger vi et program, der passer til dine behov og \u00f8nsker. Dette program tegner jeg til dig, s\u00e5ledes at du altid kan vende tilbage til det. Yoga kan opfylde alle behov ved hj\u00e6lp af stillinger, \u00e5ndedr\u00e6ts\u00f8velser, mantraer og mudraer.<\/p>\t\t\t\t\t\t<\/div>\n\t\t\t\t<\/div>\n\t\t\t\t<div class=\"elementor-element elementor-element-125a5d3 elementor-widget elementor-widget-reina_core_button\" data-id=\"125a5d3\" data-element_type=\"widget\" data-widget_type=\"reina_core_button.default\">\n\t\t\t\t<div class=\"elementor-widget-container\">\n\t\t\t<a class=\"qodef-shortcode qodef-m  qodef-button qodef-layout--filled  qodef-html--link\" href=\"\" target=\"_self\"  style=\"background-color: #E2BA00\">\n\t<span class=\"qodef-m-text\">Mere  info<\/span>\n\t<span class=\"qodef-m-background\" style=\"color: #C09E00\"><\/span>\n<\/a>\n\t\t<\/div>\n\t\t\t\t<\/div>\n\t\t\t\t<\/div>\n\t\t<div class=\"elementor-element elementor-element-97b4f15 e-con-full e-flex e-con e-child\" data-id=\"97b4f15\" data-element_type=\"container\">\n\t\t\t\t<div class=\"elementor-element elementor-element-1e54d55 elementor-widget elementor-widget-image\" data-id=\"1e54d55\" data-element_type=\"widget\" data-widget_type=\"image.default\">\n\t\t\t\t<div class=\"elementor-widget-container\">\n\t\t\t<style>\/*! elementor - v3.22.0 - 26-06-2024 *\/\n.elementor-widget-image{text-align:center}.elementor-widget-image a{display:inline-block}.elementor-widget-image a img[src$=\".svg\"]{width:48px}.elementor-widget-image img{vertical-align:middle;display:inline-block}<\/style>\t\t\t\t\t\t\t\t\t\t<img fetchpriority=\"high\" decoding=\"async\" width=\"1024\" height=\"1024\" src=\"https:\/\/sarahyoga.dk\/wp-content\/uploads\/2024\/05\/SLCphotosindiv126_-1024x1024.png\" class=\"attachment-large size-large wp-image-18028\" alt=\"\" srcset=\"https:\/\/sarahyoga.dk\/wp-content\/uploads\/2024\/05\/SLCphotosindiv126_-1024x1024.png 1024w, https:\/\/sarahyoga.dk\/wp-content\/uploads\/2024\/05\/SLCphotosindiv126_-300x300.png 300w, https:\/\/sarahyoga.dk\/wp-content\/uploads\/2024\/05\/SLCphotosindiv126_-150x150.png 150w, https:\/\/sarahyoga.dk\/wp-content\/uploads\/2024\/05\/SLCphotosindiv126_-768x768.png 768w, https:\/\/sarahyoga.dk\/wp-content\/uploads\/2024\/05\/SLCphotosindiv126_-1536x1536.png 1536w, https:\/\/sarahyoga.dk\/wp-content\/uploads\/2024\/05\/SLCphotosindiv126_-2048x2048.png 2048w, https:\/\/sarahyoga.dk\/wp-content\/uploads\/2024\/05\/SLCphotosindiv126_-650x650.png 650w, https:\/\/sarahyoga.dk\/wp-content\/uploads\/2024\/05\/SLCphotosindiv126_-1300x1300.png 1300w, https:\/\/sarahyoga.dk\/wp-content\/uploads\/2024\/05\/SLCphotosindiv126_-600x600.png 600w, https:\/\/sarahyoga.dk\/wp-content\/uploads\/2024\/05\/SLCphotosindiv126_-100x100.png 100w\" sizes=\"(max-width: 1024px) 100vw, 1024px\" \/>\t\t\t\t\t\t\t\t\t\t\t\t\t<\/div>\n\t\t\t\t<\/div>\n\t\t\t\t<\/div>\n\t\t\t\t\t<\/div>\n\t\t\t\t<\/div>\n\t\t<div class=\"elementor-element elementor-element-5460f3a9 e-flex e-con-boxed e-con e-parent\" data-id=\"5460f3a9\" data-element_type=\"container\" data-settings=\"{&quot;background_background&quot;:&quot;classic&quot;}\">\n\t\t\t\t\t<div class=\"e-con-inner\">\n\t\t\t\t<div class=\"elementor-element elementor-element-20e3eb8c elementor-widget elementor-widget-text-editor\" data-id=\"20e3eb8c\" data-element_type=\"widget\" data-widget_type=\"text-editor.default\">\n\t\t\t\t<div class=\"elementor-widget-container\">\n\t\t\t\t\t\t\t<p><!-- wp:quote {\"align\":\"center\"} --><\/p>\n<blockquote class=\"wp-block-quote has-text-align-center\">\n<p><!-- wp:paragraph {\"align\":\"center\"} --><\/p>\n<p class=\"has-text-align-center\">\u201cYoga practice needs to regard the different stages and the <br \/>special circumstances of each person.\u201d<\/p>\n<p><!-- \/wp:paragraph --><cite>&#8211; Yoga-Sutra III.6<\/cite><\/p>\n<\/blockquote>\n<p><!-- \/wp:paragraph --><\/p>\t\t\t\t\t\t<\/div>\n\t\t\t\t<\/div>\n\t\t\t\t\t<\/div>\n\t\t\t\t<\/div>\n\t\t<div class=\"elementor-element elementor-element-bff60a1 e-flex e-con-boxed e-con e-parent\" data-id=\"bff60a1\" data-element_type=\"container\">\n\t\t\t\t\t<div class=\"e-con-inner\">\n\t\t\t\t<div class=\"elementor-element elementor-element-049fa5d elementor-widget elementor-widget-heading\" data-id=\"049fa5d\" data-element_type=\"widget\" data-widget_type=\"heading.default\">\n\t\t\t\t<div class=\"elementor-widget-container\">\n\t\t\t<h2 class=\"elementor-heading-title elementor-size-default\">Hvad har du behov for?<\/h2>\t\t<\/div>\n\t\t\t\t<\/div>\n\t\t\t\t\t<\/div>\n\t\t\t\t<\/div>\n\t\t<div class=\"elementor-element elementor-element-c58dbd2 e-flex e-con-boxed e-con e-parent\" data-id=\"c58dbd2\" data-element_type=\"container\">\n\t\t\t\t\t<div class=\"e-con-inner\">\n\t\t<div class=\"elementor-element elementor-element-d4d9b3d e-con-full e-flex e-con e-child\" data-id=\"d4d9b3d\" data-element_type=\"container\">\n\t\t\t\t<div class=\"elementor-element elementor-element-4e187d8 elementor-widget elementor-widget-image\" data-id=\"4e187d8\" data-element_type=\"widget\" data-widget_type=\"image.default\">\n\t\t\t\t<div class=\"elementor-widget-container\">\n\t\t\t\t\t\t\t\t\t\t\t\t\t<img decoding=\"async\" width=\"1024\" height=\"1024\" src=\"https:\/\/sarahyoga.dk\/wp-content\/uploads\/2024\/04\/Photos-30-10-23-63-2-1024x1024.jpg\" class=\"attachment-large size-large wp-image-17331\" alt=\"\" srcset=\"https:\/\/sarahyoga.dk\/wp-content\/uploads\/2024\/04\/Photos-30-10-23-63-2-1024x1024.jpg 1024w, https:\/\/sarahyoga.dk\/wp-content\/uploads\/2024\/04\/Photos-30-10-23-63-2-300x300.jpg 300w, https:\/\/sarahyoga.dk\/wp-content\/uploads\/2024\/04\/Photos-30-10-23-63-2-150x150.jpg 150w, https:\/\/sarahyoga.dk\/wp-content\/uploads\/2024\/04\/Photos-30-10-23-63-2-768x768.jpg 768w, https:\/\/sarahyoga.dk\/wp-content\/uploads\/2024\/04\/Photos-30-10-23-63-2-1536x1536.jpg 1536w, https:\/\/sarahyoga.dk\/wp-content\/uploads\/2024\/04\/Photos-30-10-23-63-2-2048x2048.jpg 2048w, https:\/\/sarahyoga.dk\/wp-content\/uploads\/2024\/04\/Photos-30-10-23-63-2-650x650.jpg 650w, https:\/\/sarahyoga.dk\/wp-content\/uploads\/2024\/04\/Photos-30-10-23-63-2-1300x1300.jpg 1300w, https:\/\/sarahyoga.dk\/wp-content\/uploads\/2024\/04\/Photos-30-10-23-63-2-600x600.jpg 600w, https:\/\/sarahyoga.dk\/wp-content\/uploads\/2024\/04\/Photos-30-10-23-63-2-100x100.jpg 100w\" sizes=\"(max-width: 1024px) 100vw, 1024px\" \/>\t\t\t\t\t\t\t\t\t\t\t\t\t<\/div>\n\t\t\t\t<\/div>\n\t\t\t\t<\/div>\n\t\t<div class=\"elementor-element elementor-element-762808c e-con-full e-flex e-con e-child\" data-id=\"762808c\" data-element_type=\"container\">\n\t\t\t\t<div class=\"elementor-element elementor-element-c1d9258 elementor-widget elementor-widget-image\" data-id=\"c1d9258\" data-element_type=\"widget\" data-widget_type=\"image.default\">\n\t\t\t\t<div class=\"elementor-widget-container\">\n\t\t\t\t\t\t\t\t\t\t\t\t\t<img decoding=\"async\" width=\"1024\" height=\"1024\" src=\"https:\/\/sarahyoga.dk\/wp-content\/uploads\/2024\/04\/Photos-30-10-23-71-2-1024x1024.jpg\" class=\"attachment-large size-large wp-image-17332\" alt=\"\" srcset=\"https:\/\/sarahyoga.dk\/wp-content\/uploads\/2024\/04\/Photos-30-10-23-71-2-1024x1024.jpg 1024w, https:\/\/sarahyoga.dk\/wp-content\/uploads\/2024\/04\/Photos-30-10-23-71-2-300x300.jpg 300w, https:\/\/sarahyoga.dk\/wp-content\/uploads\/2024\/04\/Photos-30-10-23-71-2-150x150.jpg 150w, https:\/\/sarahyoga.dk\/wp-content\/uploads\/2024\/04\/Photos-30-10-23-71-2-768x768.jpg 768w, https:\/\/sarahyoga.dk\/wp-content\/uploads\/2024\/04\/Photos-30-10-23-71-2-1536x1536.jpg 1536w, https:\/\/sarahyoga.dk\/wp-content\/uploads\/2024\/04\/Photos-30-10-23-71-2-2048x2048.jpg 2048w, https:\/\/sarahyoga.dk\/wp-content\/uploads\/2024\/04\/Photos-30-10-23-71-2-650x650.jpg 650w, https:\/\/sarahyoga.dk\/wp-content\/uploads\/2024\/04\/Photos-30-10-23-71-2-1300x1300.jpg 1300w, https:\/\/sarahyoga.dk\/wp-content\/uploads\/2024\/04\/Photos-30-10-23-71-2-600x600.jpg 600w, https:\/\/sarahyoga.dk\/wp-content\/uploads\/2024\/04\/Photos-30-10-23-71-2-100x100.jpg 100w\" sizes=\"(max-width: 1024px) 100vw, 1024px\" \/>\t\t\t\t\t\t\t\t\t\t\t\t\t<\/div>\n\t\t\t\t<\/div>\n\t\t\t\t<\/div>\n\t\t<div class=\"elementor-element elementor-element-c953aad e-con-full e-flex e-con e-child\" data-id=\"c953aad\" data-element_type=\"container\">\n\t\t\t\t<div class=\"elementor-element elementor-element-f67d255 elementor-widget elementor-widget-image\" data-id=\"f67d255\" data-element_type=\"widget\" data-widget_type=\"image.default\">\n\t\t\t\t<div class=\"elementor-widget-container\">\n\t\t\t\t\t\t\t\t\t\t\t\t\t<img loading=\"lazy\" decoding=\"async\" width=\"1024\" height=\"1024\" src=\"https:\/\/sarahyoga.dk\/wp-content\/uploads\/2024\/04\/Photos-30-10-23-34-2-1024x1024.jpg\" class=\"attachment-large size-large wp-image-17330\" alt=\"\" srcset=\"https:\/\/sarahyoga.dk\/wp-content\/uploads\/2024\/04\/Photos-30-10-23-34-2-1024x1024.jpg 1024w, https:\/\/sarahyoga.dk\/wp-content\/uploads\/2024\/04\/Photos-30-10-23-34-2-300x300.jpg 300w, https:\/\/sarahyoga.dk\/wp-content\/uploads\/2024\/04\/Photos-30-10-23-34-2-150x150.jpg 150w, https:\/\/sarahyoga.dk\/wp-content\/uploads\/2024\/04\/Photos-30-10-23-34-2-768x768.jpg 768w, https:\/\/sarahyoga.dk\/wp-content\/uploads\/2024\/04\/Photos-30-10-23-34-2-1536x1536.jpg 1536w, https:\/\/sarahyoga.dk\/wp-content\/uploads\/2024\/04\/Photos-30-10-23-34-2-2048x2048.jpg 2048w, https:\/\/sarahyoga.dk\/wp-content\/uploads\/2024\/04\/Photos-30-10-23-34-2-650x650.jpg 650w, https:\/\/sarahyoga.dk\/wp-content\/uploads\/2024\/04\/Photos-30-10-23-34-2-1300x1300.jpg 1300w, https:\/\/sarahyoga.dk\/wp-content\/uploads\/2024\/04\/Photos-30-10-23-34-2-600x600.jpg 600w, https:\/\/sarahyoga.dk\/wp-content\/uploads\/2024\/04\/Photos-30-10-23-34-2-100x100.jpg 100w\" sizes=\"(max-width: 1024px) 100vw, 1024px\" \/>\t\t\t\t\t\t\t\t\t\t\t\t\t<\/div>\n\t\t\t\t<\/div>\n\t\t\t\t<\/div>\n\t\t<div class=\"elementor-element elementor-element-1f8a634 e-con-full e-flex e-con e-child\" data-id=\"1f8a634\" data-element_type=\"container\">\n\t\t\t\t<div class=\"elementor-element elementor-element-44e7032 elementor-widget elementor-widget-heading\" data-id=\"44e7032\" data-element_type=\"widget\" data-widget_type=\"heading.default\">\n\t\t\t\t<div class=\"elementor-widget-container\">\n\t\t\t<h4 class=\"elementor-heading-title elementor-size-medium\">Til at starte med<\/h4>\t\t<\/div>\n\t\t\t\t<\/div>\n\t\t\t\t<div class=\"elementor-element elementor-element-914dd95 elementor-widget elementor-widget-text-editor\" data-id=\"914dd95\" data-element_type=\"widget\" data-widget_type=\"text-editor.default\">\n\t\t\t\t<div class=\"elementor-widget-container\">\n\t\t\t\t\t\t\t<p style=\"background-color: #ffffff;\">Yoga er tilg\u00e6ngeligt for alle, uanset alder, fleksibilitet eller kropstype. Du skal blot f\u00f8lge dine instinkter og \u00f8nsker for at finde den praktik, der er rigtig for dig.<\/p>\n<p style=\"background-color: #ffffff;\"><span style=\"background-color: #ffffff; color: var( --e-global-color-text ); font-family: var( --e-global-typography-text-font-family ), Sans-serif; font-weight: var( --e-global-typography-text-font-weight ); text-align: var(--text-align);\">Ofte sker dette, n\u00e5r det lykkes at koncentrere sig om , som jo er basis for alt liv.<\/span><\/p>\t\t\t\t\t\t<\/div>\n\t\t\t\t<\/div>\n\t\t\t\t<\/div>\n\t\t<div class=\"elementor-element elementor-element-1224cf8 e-con-full e-flex e-con e-child\" data-id=\"1224cf8\" data-element_type=\"container\">\n\t\t\t\t<div class=\"elementor-element elementor-element-1e8a9d3 elementor-widget elementor-widget-heading\" data-id=\"1e8a9d3\" data-element_type=\"widget\" data-widget_type=\"heading.default\">\n\t\t\t\t<div class=\"elementor-widget-container\">\n\t\t\t<h4 class=\"elementor-heading-title elementor-size-medium\">Tilpasning<\/h4>\t\t<\/div>\n\t\t\t\t<\/div>\n\t\t\t\t<div class=\"elementor-element elementor-element-569f06c elementor-widget elementor-widget-text-editor\" data-id=\"569f06c\" data-element_type=\"widget\" data-widget_type=\"text-editor.default\">\n\t\t\t\t<div class=\"elementor-widget-container\">\n\t\t\t\t\t\t\t<p style=\"background-color: #ffffff;\">Her udv\u00e6lger vi de \u00f8velser, der vil give dig ro og balance i hverdagen d.v.s. som vil befri dig for smerter, berolige dig, give bedre s\u00f8vn, reparere sportsskader etc.<\/p>\n<p style=\"background-color: #ffffff;\"><span style=\"background-color: #ffffff; color: var( --e-global-color-text ); font-family: var( --e-global-typography-text-font-family ), Sans-serif; font-weight: var( --e-global-typography-text-font-weight ); text-align: var(--text-align);\">Sammen skaber vi en serie yogastillinger \/ af bev\u00e6gelser, der passer dig og dine behov, og sammen finder vi, hvis n\u00f8dvendigt, alternativer, s\u00e5 yogaen er tilg\u00e6ngelig for din krop og dens bev\u00e6gelighed.<\/span><\/p>\t\t\t\t\t\t<\/div>\n\t\t\t\t<\/div>\n\t\t\t\t<\/div>\n\t\t<div class=\"elementor-element elementor-element-51a546b e-con-full e-flex e-con e-child\" data-id=\"51a546b\" data-element_type=\"container\">\n\t\t\t\t<div class=\"elementor-element elementor-element-dea2fd5 elementor-widget elementor-widget-heading\" data-id=\"dea2fd5\" data-element_type=\"widget\" data-widget_type=\"heading.default\">\n\t\t\t\t<div class=\"elementor-widget-container\">\n\t\t\t<h4 class=\"elementor-heading-title elementor-size-medium\">Uddybning<\/h4>\t\t<\/div>\n\t\t\t\t<\/div>\n\t\t\t\t<div class=\"elementor-element elementor-element-9ece4a9 elementor-widget elementor-widget-text-editor\" data-id=\"9ece4a9\" data-element_type=\"widget\" data-widget_type=\"text-editor.default\">\n\t\t\t\t<div class=\"elementor-widget-container\">\n\t\t\t\t\t\t\t<p style=\"background-color: #ffffff;\">For de mere avancerede ud\u00f8vere, der \u00f8nsker at udvide deres\u00a0 viden og praktik kan jeg tilbyde flere muligheder, det hele kommer an p\u00e5 dig.<\/p>\n<p style=\"background-color: #ffffff;\"><span style=\"background-color: #ffffff; color: var( --e-global-color-text ); font-family: var( --e-global-typography-text-font-family ), Sans-serif; font-weight: var( --e-global-typography-text-font-weight ); text-align: var(--text-align);\">Efter en konsultation vil du g\u00e5 hjem med et skr\u00e6ddersyet forl\u00f8b, som du derefter selv skal arbejde videre med p\u00e5 evt med opf\u00f8lgning for at konstatere hvor langt du er kommet.<\/span><\/p>\t\t\t\t\t\t<\/div>\n\t\t\t\t<\/div>\n\t\t\t\t<\/div>\n\t\t\t\t\t<\/div>\n\t\t\t\t<\/div>\n\t\t<div class=\"elementor-element elementor-element-847101f e-flex e-con-boxed e-con e-parent\" data-id=\"847101f\" data-element_type=\"container\">\n\t\t\t\t\t<div class=\"e-con-inner\">\n\t\t\t\t<div class=\"elementor-element elementor-element-24d40c9 elementor-widget elementor-widget-reina_core_button\" data-id=\"24d40c9\" data-element_type=\"widget\" data-widget_type=\"reina_core_button.default\">\n\t\t\t\t<div class=\"elementor-widget-container\">\n\t\t\t<a class=\"qodef-shortcode qodef-m  qodef-button qodef-layout--filled  qodef-html--link\" href=\"\" target=\"_self\"  style=\"background-color: #E2BA00\">\n\t<span class=\"qodef-m-text\">Book kursus<\/span>\n\t<span class=\"qodef-m-background\" style=\"color: #C09E00\"><\/span>\n<\/a>\n\t\t<\/div>\n\t\t\t\t<\/div>\n\t\t\t\t\t<\/div>\n\t\t\t\t<\/div>\n\t\t\t\t<\/div>\n\t\t","protected":false},"excerpt":{"rendered":"","protected":false},"author":1,"featured_media":0,"parent":0,"menu_order":0,"comment_status":"closed","ping_status":"closed","template":"page-full-width.php","meta":{"footnotes":""},"class_list":["post-18285","page","type-page","status-publish","hentry"],"_links":{"self":[{"href":"https:\/\/sarahyoga.dk\/index.php?rest_route=\/wp\/v2\/pages\/18285","targetHints":{"allow":["GET"]}}],"collection":[{"href":"https:\/\/sarahyoga.dk\/index.php?rest_route=\/wp\/v2\/pages"}],"about":[{"href":"https:\/\/sarahyoga.dk\/index.php?rest_route=\/wp\/v2\/types\/page"}],"author":[{"embeddable":true,"href":"https:\/\/sarahyoga.dk\/index.php?rest_route=\/wp\/v2\/users\/1"}],"replies":[{"embeddable":true,"href":"https:\/\/sarahyoga.dk\/index.php?rest_route=%2Fwp%2Fv2%2Fcomments&post=18285"}],"version-history":[{"count":2,"href":"https:\/\/sarahyoga.dk\/index.php?rest_route=\/wp\/v2\/pages\/18285\/revisions"}],"predecessor-version":[{"id":18341,"href":"https:\/\/sarahyoga.dk\/index.php?rest_route=\/wp\/v2\/pages\/18285\/revisions\/18341"}],"wp:attachment":[{"href":"https:\/\/sarahyoga.dk\/index.php?rest_route=%2Fwp%2Fv2%2Fmedia&parent=18285"}],"curies":[{"name":"wp","href":"https:\/\/api.w.org\/{rel}","templated":true}]}}